*u**2 + 104*u + 132. What is the ten thousands digit of s(-59)?
7
Let o = -25 - -29. What is the units digit of (-27)/(-18)*o*16/1?
6
Let g(a) = -7*a - 194. Let b be g(-28). Suppose 0*y + s + 103 = y, 218 = b*y + s. What is the units digit of y?
7
Let g(z) = 3*z**3 - 5*z**2 - 6*z - 3. Let u be g(3). Let m(b) = 2*b**2 - 27*b - 40. Let s be m(u). Suppose 10*i = s*i + 905. What is the tens digit of i?
8
Let t = 28 - -90. Suppose 2*n = -3*c - 325, n - t = 3*c + 219. What is the tens digit of (-1 + 4)*c/(-9)?
3
What is the tens digit of (23352/18)/(268/14874)?
0
Let w = -24309 + 51532. What is the tens digit of w?
2
Let u = 19933 + -12960. What is the hundreds digit of u?
9
Let y(s) = -8 - 4*s - 5*s - 3*s. Let q be y(-1). Suppose v = q*v - 465. What is the hundreds digit of v?
1
Suppose 86 + 34 = 20*q. Suppose y = -x + q*y + 773, 0 = -5*x - 5*y + 3745. What is the units digit of x?
3
Suppose 4*u = t + 452, -48 + 274 = 2*u + t. Suppose u = j + f, -5*j + 8*j - 2*f = 359. What is the tens digit of j?
1
Let a be 5 - 12 - -25 - -7. Suppose -40*x + 780 = -a*x. What is the tens digit of x?
5
Suppose -o = 3*p - 2, -5*p + 5 = -0*o + 2*o. Suppose 8*j = -o*j + 702. What is the units digit of j?
4
Let y = -16608 - -16608. Suppose 4*l - 3*l = 3. Suppose y = l*s - 467 - 7. What is the tens digit of s?
5
Let j(t) = 4*t - 4. Let w(l) = 3*l - 3. Let r(m) = 4*j(m) - 5*w(m). Let a(z) = -26*z + 19. Let o(g) = -a(g) - 6*r(g). What is the hundreds digit of o(6)?
1
Let w = 204 + -199. Suppose 8*c + 106 = 11*c + w*g, -4*c = g - 130. What is the units digit of c?
2
Let y(a) = -1218*a**3 + 10*a**2 + 13*a + 12. What is the units digit of y(-2)?
0
Suppose 82 = -5*o + 7*o. Let m = o - 13. Suppose 0 = -4*v - 4*f + 596, v = -3*f + 173 - m. What is the units digit of v?
1
Let f be 6/(4/24 + (-3)/(-6)). Suppose -10*t + 9044 = f*t. What is the units digit of t?
6
Let x = -32221 - -51692. What is the hundreds digit of x?
4
Let w(u) = 65*u**2 - 14*u + 501. What is the hundreds digit of w(13)?
3
Suppose -8 = 16*a - 20*a. Let l be a*4/16*15*66. Suppose 17*k = 6*k + l. What is the units digit of k?
5
Let v(y) = 2 - 1 - 6 + 6*y. Let o be v(2). Suppose o*p - 3*p = 356. What is the units digit of p?
9
Suppose -5269 = -23*k + 10220 + 10409. What is the thousands digit of k?
1
Let q be ((-5)/(-4))/((-261)/132 + 2). Suppose q = 5*k + 40. What is the units digit of 1 + (k - -1) - 2 - -2?
5
Suppose 0 = -64*s - 4*s + 313412. What is the tens digit of s?
0
Suppose -9*s = 495 - 4887. What is the tens digit of s?
8
Let c = 65 + -61. Suppose c*v - 83 = 225. Suppose -2*f - n = -f - v, f + 4*n - 68 = 0. What is the tens digit of f?
8
Let l be 3876/38 + -7*1. What is the tens digit of (9 + l)/(-2 + 4)?
5
Suppose 4*u = 5*m - 93942, -30*u + 18777 = m - 27*u. What is the tens digit of m?
8
Let h = -42 - -45. Let m be (-1 - (8 - h))*(-1)/3. Suppose m*i + 45 = 183. What is the tens digit of i?
6
Suppose -5*r = 24 - 4. What is the tens digit of 371 + (r + -1)*(-3)/5?
7
Let v(q) = 30*q**2 + 30*q + 101. Let j = -111 + 104. What is the hundreds digit of v(j)?
3
What is the hundreds digit of ((-9410)/(-25) + 4)*(83 + -43)?
2
Let j = 45 + -27. Let z(o) = -40*o - 44. Let i(y) = -14*y - 15. Let g(p) = 14*i(p) - 5*z(p). What is the tens digit of g(j)?
8
Let p(s) = s**3 - 2*s**2 + 2*s + 429. Let z(v) = 2*v**3 + 2*v**2 - 2*v - 2. Let b be z(-1). What is the units digit of p(b)?
9
Let r(h) = -h + 9. Let x be r(8). Let p = -41 + x. What is the units digit of (-6)/(-10) + (-6456)/p?
2
What is the hundreds digit of (252/(-35))/(10/40*(-4)/415)?
9
Let y(p) = p**2 + 18*p + 26. Let l be y(16). Let s = 948 - l. What is the hundreds digit of s?
3
Let i(l) = 1 + 9 + 4986*l - 4987*l. Suppose 0 = 4*h - 2*m + m + 19, 4*h - 1 = 5*m. What is the tens digit of i(h)?
1
Suppose 0 = 5*z - 0 - 0. Suppose 2*r = -z*r + 60. Suppose 4*c + 131 = 5*q, -2*q + c - 5*c + r = 0. What is the units digit of q?
3
Let l(h) = 7*h**3 - 51*h**2 - 8*h + 6. Let t(k) = -8*k**3 - 3*k**2 - 3*k. Let z be t(-1). What is the hundreds digit of l(z)?
2
What is the units digit of (-90)/108 + 77351/6?
1
Suppose -116*l + 114*l + 4 = 0. What is the units digit of 1/l - 3/(48/(-8552))?
5
Suppose -q - 57 + 104 = 0. Let v = 92 - q. Let d = 47 - v. What is the units digit of d?
2
Let w be (-5 + 1)/2 - (-1 + -3). Suppose -k = -2, -26 = w*u - 0*u - k. What is the tens digit of (-494)/u - 20/120?
4
Suppose 34*x - 46*x = -48. Suppose -5*o = 2*z - 6966, -x*o + 18*z = 23*z - 5566. What is the units digit of o?
4
Let y be 544/(-340)*(-35)/2. Suppose y*h - 21545 - 14379 = 0. What is the tens digit of h?
8
Let v = 523 + -520. What is the hundreds digit of (-7*v + 2)*(58 - 75)?
3
Let w(h) = 628*h**3 - h**2 - 122*h + 485. What is the thousands digit of w(4)?
0
Let q = -236 - -138. Let s = -95 - q. Suppose -5*v + 129 = 2*n, -s*n + 2*v + 222 = n. What is the units digit of n?
7
Let q(z) = -4721*z + 2068. What is the units digit of q(-7)?
5
Let p(w) = w**3 - 14*w**2 + 4*w + 42. Suppose -4*k + f = -3*f - 36, 3*f = 15. What is the units digit of p(k)?
8
Let u = 16 + -12. Suppose 2*k = u*g + 20, -3*k + 50 = 5*g - g. Suppose 2*q + 4 = k. What is the units digit of q?
5
Let g(o) = 502*o**3 - 32*o**2 - 2*o - 1. What is the thousands digit of g(3)?
3
Let h(p) = 252*p**2 - 16*p + 3. What is the units digit of h(2)?
9
Suppose 3*w - 4*y - 20131 = 0, 6*w - 3*y = w + 33570. What is the units digit of w?
7
Let l(o) be the third derivative of -o**6/120 - o**5/30 + 11*o**4/24 + 2*o**3/3 - 53*o**2 - o. What is the units digit of l(-6)?
2
Suppose 10*p - 9*p - 1695 = 0. Suppose -2*l - 409 = -p. What is the hundreds digit of l?
6
Let r = -11987 + 25530. What is the hundreds digit of r?
5
Suppose -7*m = -3*m - 136. Let l(g) = 7*g - 7*g + m - g - 11. What is the units digit of l(-5)?
8
Suppose -3*k + 180292 + 47390 = 5*t, -4*k + 303507 = -t. What is the tens digit of k?
7
Let v be (-14)/7*82/(-4). Let z = 37 - v. What is the units digit of 82*(-1)/(3 + z)?
2
Let q(a) = a**3 + 4*a**2 - 12*a + 3. Let k be q(-6). What is the units digit of ((-12)/k - -8) + 85?
9
Suppose -12 = -4*z - 4*x, 0 = -5*z + 5*x + 5. Suppose 2*v + 7 + 9 = z*s, -10 = 2*v + s. What is the units digit of (-133)/(-5) - v/15?
7
Let w = -690 + 74102. What is the tens digit of w?
1
Let k = 5 + -8. Let i(y) be the third derivative of -17*y**4/24 + y**3/2 - 29*y**2. What is the units digit of i(k)?
4
Suppose -401*j - 127232 = -417*j. What is the thousands digit of j?
7
Let o(x) be the third derivative of 55*x**5/12 - 7*x**4/12 + 13*x**3/6 - 8*x**2. What is the tens digit of o(1)?
7
Let c = -1591 - -4689. What is the units digit of c?
8
Suppose -11 = 4*x + 9, 10*g - 237420 = 2*x. What is the ten thousands digit of g?
2
Let h be 18/4*(-12)/(-18). Let y = -623 + 626. Suppose 43 = y*o + 4*b - 60, -h*b - 30 = -o. What is the units digit of o?
3
Let a(p) = -2*p**3 - 51*p**2 - 22*p - 55. Suppose 3*o - 282 = -360. What is the units digit of a(o)?
3
Let t be ((-4)/(-16))/(8/49120). Suppose 0 = -5*w - 14*i + 9*i + t, -w + 313 = -2*i. What is the units digit of w?
9
Suppose -3*p = 5*p - 24. Suppose 4*d - 40 = p*d. Let q = -20 + d. What is the tens digit of q?
2
Let m be (-6247)/(-7) - 6/14. Let s = 269 + -207. Suppose -6*y + s = -m. What is the units digit of y?
9
Let f be -6*13 + 5 + -1. Let i = f + 77. Suppose 0 = -i*b + d - 0*d + 261, 0 = 5*b - 5*d - 425. What is the tens digit of b?
8
Let z be 3/9*(-36)/(-3). Suppose -14 = z*q - 26. What is the tens digit of ((-21)/14)/(q/(-50))?
2
Suppose -7*f + 160*f + 38157900 = 835*f. What is the hundreds digit of f?
9
What is the hundreds digit of 61902645/747 - 1/3?
8
Suppose 259*k - 645367 = 193016. What is the hundreds digit of k?
2
Suppose 2*y + 12989 = 3*x, -y + 16275 = 3*x + 3280. Suppose -13*s + x = -2780. What is the tens digit of s?
4
Suppose 0 = -5*p + 208 + 22. Let q = 46 - p. Suppose q*f = 4*f - 84. What is the tens digit of f?
2
Let m be (-7)/(-5) - (-1 - (-84)/60). What is the units digit of ((-9 - 0) + m)*(-92)/16?
6
Let y(s) = -31*s + 34. Let i(b) be the second derivative of b**3 - 7*b**2/2 - 5*b. Let f(p) = 33*i(p) + 6*y(p). What is the tens digit of f(6)?
4
Suppose 1488*f = -q + 1493*f + 26412, -f = -4*q + 105800. What is the thousands digit of q?
6
Suppose -4*s - 8 = -0, 5*d = s + 22. Supp